{"id":13227,"date":"2023-02-01T19:06:58","date_gmt":"2023-02-01T19:06:58","guid":{"rendered":"https:\/\/asc.academicianstudies.com\/?page_id=13227"},"modified":"2025-02-22T19:46:25","modified_gmt":"2025-02-22T19:46:25","slug":"asc-2022-fall","status":"publish","type":"page","link":"https:\/\/asc.academicianstudies.com\/12\/?page_id=13227","title":{"rendered":"ASC-2022\/FALL"},"content":{"rendered":"\t\t<div data-elementor-type=\"wp-page\" data-elementor-id=\"13227\" class=\"elementor elementor-13227\">\n\t\t\t\t\t\t<section class=\"elementor-section elementor-top-section elementor-element elementor-element-7950f39 elementor-section-full_width elementor-section-height-default elementor-section-height-default\" data-id=\"7950f39\" data-element_type=\"section\" data-settings=\"{&quot;background_background&quot;:&quot;classic&quot;}\">\n\t\t\t\t\t\t<div class=\"elementor-container elementor-column-gap-default\">\n\t\t\t\t\t<div class=\"elementor-column elementor-col-100 elementor-top-column elementor-element elementor-element-9bf224f\" data-id=\"9bf224f\" data-element_type=\"column\">\n\t\t\t<div class=\"elementor-widget-wrap elementor-element-populated\">\n\t\t\t\t\t\t<div class=\"elementor-element elementor-element-82311fa elementor-widget elementor-widget-spacer\" data-id=\"82311fa\" data-element_type=\"widget\" data-settings=\"{&quot;ekit_we_effect_on&quot;:&quot;none&quot;}\" data-widget_type=\"spacer.default\">\n\t\t\t\t<div class=\"elementor-widget-container\">\n\t\t\t\t\t\t\t<div class=\"elementor-spacer\">\n\t\t\t<div class=\"elementor-spacer-inner\"><\/div>\n\t\t<\/div>\n\t\t\t\t\t\t<\/div>\n\t\t\t\t<\/div>\n\t\t\t\t<div class=\"elementor-element elementor-element-1a0f464 elementor-widget elementor-widget-heading\" data-id=\"1a0f464\" data-element_type=\"widget\" data-settings=\"{&quot;ekit_we_effect_on&quot;:&quot;none&quot;}\" data-widget_type=\"heading.default\">\n\t\t\t\t<div class=\"elementor-widget-container\">\n\t\t\t\t\t<h1 class=\"elementor-heading-title elementor-size-default\">ASC-2022 \/ Sonbahar<\/h1>\t\t\t\t<\/div>\n\t\t\t\t<\/div>\n\t\t\t\t<div class=\"elementor-element elementor-element-a17836a elementor-widget elementor-widget-spacer\" data-id=\"a17836a\" data-element_type=\"widget\" data-settings=\"{&quot;ekit_we_effect_on&quot;:&quot;none&quot;}\" data-widget_type=\"spacer.default\">\n\t\t\t\t<div class=\"elementor-widget-container\">\n\t\t\t\t\t\t\t<div class=\"elementor-spacer\">\n\t\t\t<div class=\"elementor-spacer-inner\"><\/div>\n\t\t<\/div>\n\t\t\t\t\t\t<\/div>\n\t\t\t\t<\/div>\n\t\t\t\t\t<\/div>\n\t\t<\/div>\n\t\t\t\t\t<\/div>\n\t\t<\/section>\n\t\t\t\t<section class=\"elementor-section elementor-top-section elementor-element elementor-element-9bce20b elementor-section-boxed elementor-section-height-default elementor-section-height-default\" data-id=\"9bce20b\" data-element_type=\"section\">\n\t\t\t\t\t\t<div class=\"elementor-container elementor-column-gap-default\">\n\t\t\t\t\t<div class=\"elementor-column elementor-col-100 elementor-top-column elementor-element elementor-element-87ce87a\" data-id=\"87ce87a\" data-element_type=\"column\">\n\t\t\t<div class=\"elementor-widget-wrap elementor-element-populated\">\n\t\t\t\t\t\t<div class=\"elementor-element elementor-element-9ec2558 elementor-widget elementor-widget-spacer\" data-id=\"9ec2558\" data-element_type=\"widget\" data-settings=\"{&quot;ekit_we_effect_on&quot;:&quot;none&quot;}\" data-widget_type=\"spacer.default\">\n\t\t\t\t<div class=\"elementor-widget-container\">\n\t\t\t\t\t\t\t<div class=\"elementor-spacer\">\n\t\t\t<div class=\"elementor-spacer-inner\"><\/div>\n\t\t<\/div>\n\t\t\t\t\t\t<\/div>\n\t\t\t\t<\/div>\n\t\t\t\t\t<\/div>\n\t\t<\/div>\n\t\t\t\t\t<\/div>\n\t\t<\/section>\n\t\t\t\t<section class=\"elementor-section elementor-top-section elementor-element elementor-element-b5568e3 elementor-section-boxed elementor-section-height-default elementor-section-height-default\" data-id=\"b5568e3\" data-element_type=\"section\">\n\t\t\t\t\t\t<div class=\"elementor-container elementor-column-gap-default\">\n\t\t\t\t\t<div class=\"elementor-column elementor-col-66 elementor-top-column elementor-element elementor-element-150dfba\" data-id=\"150dfba\" data-element_type=\"column\">\n\t\t\t<div class=\"elementor-widget-wrap elementor-element-populated\">\n\t\t\t\t\t\t<div class=\"elementor-element elementor-element-3c03e60 elementor-widget elementor-widget-heading\" data-id=\"3c03e60\" data-element_type=\"widget\" data-settings=\"{&quot;ekit_we_effect_on&quot;:&quot;none&quot;}\" data-widget_type=\"heading.default\">\n\t\t\t\t<div class=\"elementor-widget-container\">\n\t\t\t\t\t<h2 class=\"elementor-heading-title elementor-size-default\">ASC-2022 \/ Sonbahar<\/h2>\t\t\t\t<\/div>\n\t\t\t\t<\/div>\n\t\t\t\t<div class=\"elementor-element elementor-element-565cec6 elementor-widget elementor-widget-image\" data-id=\"565cec6\" data-element_type=\"widget\" data-settings=\"{&quot;ekit_we_effect_on&quot;:&quot;none&quot;}\" data-widget_type=\"image.default\">\n\t\t\t\t<div class=\"elementor-widget-container\">\n\t\t\t\t\t\t\t\t\t\t\t\t\t\t\t<img fetchpriority=\"high\" decoding=\"async\" width=\"215\" height=\"300\" src=\"https:\/\/asc.academicianstudies.com\/12\/wp-content\/uploads\/2024\/02\/2022fall-215x300.png\" class=\"attachment-medium size-medium wp-image-14463\" alt=\"\" srcset=\"https:\/\/asc.academicianstudies.com\/12\/wp-content\/uploads\/2024\/02\/2022fall-215x300.png 215w, https:\/\/asc.academicianstudies.com\/12\/wp-content\/uploads\/2024\/02\/2022fall-9x12.png 9w, https:\/\/asc.academicianstudies.com\/12\/wp-content\/uploads\/2024\/02\/2022fall.png 404w\" sizes=\"(max-width: 215px) 100vw, 215px\" \/>\t\t\t\t\t\t\t\t\t\t\t\t\t\t\t<\/div>\n\t\t\t\t<\/div>\n\t\t\t\t<div class=\"elementor-element elementor-element-16b7796 elementor-widget elementor-widget-text-editor\" data-id=\"16b7796\" data-element_type=\"widget\" data-settings=\"{&quot;ekit_we_effect_on&quot;:&quot;none&quot;}\" data-widget_type=\"text-editor.default\">\n\t\t\t\t<div class=\"elementor-widget-container\">\n\t\t\t\t\t\t\t\t\t<p>4. kongremizde Polonya&#8217;da gelece\u011fi \u015fekillendirme konusunu ele ald\u0131k. Kongremize T\u00fcrkiye&#8217;den \u00e7ok say\u0131da de\u011ferli akademisyen ve i\u015f adam\u0131 y\u00fcz y\u00fcze kat\u0131l\u0131m g\u00f6stermi\u015ftir.<\/p>\n<p>Kongremize 181 bildiri ile ba\u015fvurulmu\u015f ve 107 bildiri kabul edilmi\u015ftir. Bildirilerin 24&#8217;\u00fc T\u00fcrk\u00e7e, 83&#8217;\u00fc \u0130ngilizce&#8217;dir. Kongremize 13 farkl\u0131 \u00fclkeden 221 yazar kat\u0131lm\u0131\u015ft\u0131r. Kat\u0131l\u0131mc\u0131lar\u0131n 46&#8217;s\u0131 T\u00fcrkiye&#8217;den 1&#8217;i Polonya&#8217;dan, 53&#8217;\u00fc Zaire&#8217;den, 3&#8217;\u00fc Banglade\u015f&#8217;ten, 1&#8217;i \u00c7in&#8217;den, 3&#8217;\u00fc Kuzey K\u0131br\u0131s T\u00fcrk Cumhuriyeti&#8217;nden, 4&#8217;\u00fc Hindistan&#8217;dan 8 K\u0131rg\u0131zistan&#8217;dan 75 Malezya, 1&#8217;i Birle\u015fik Krall\u0131k, 1&#8217;i ABD&#8217;den Amerikal\u0131, 21 Pakistanl\u0131, 2 \u00d6zbekistanl\u0131, 1 Bulgaristanl\u0131. yabanc\u0131 oran\u0131 %80&#8217;dir.<\/p>\t\t\t\t\t\t\t\t<\/div>\n\t\t\t\t<\/div>\n\t\t\t\t<div class=\"elementor-element elementor-element-19ef4aec elementor-widget elementor-widget-text-editor\" data-id=\"19ef4aec\" data-element_type=\"widget\" data-settings=\"{&quot;ekit_we_effect_on&quot;:&quot;none&quot;}\" data-widget_type=\"text-editor.default\">\n\t\t\t\t<div class=\"elementor-widget-container\">\n\t\t\t\t\t\t\t\t\t<div class=\"wp-block-file\"><a href=\"https:\/\/academicplatform.net\/login\/signin?event=asc\">ASC-2022\/FALL Kat\u0131l\u0131m Belgenizi Bildiri Y\u00fckleme Sayfas\u0131ndan \u0130ndirebilirsiniz<\/a><a class=\"wp-block-file__button\" href=\"https:\/\/academicplatform.net\/login\/signin?event=asc\">Giri\u015f<\/a><\/div>\n<div class=\"wp-block-file\"><a href=\"https:\/\/academicplatform.net\/programme\/view\/asc2022fall\">ASC-2022\/FALL Kongre Program\u0131na a\u015fa\u011f\u0131daki linkten eri\u015febilirsiniz! <\/a><a class=\"wp-block-file__button\" href=\"https:\/\/academicplatform.net\/programme\/view\/asc2022fall\">ASC-2022\/ Fall Program<\/a><\/div>\n<p><\/p>\n<div class=\"wp-block-file\"><a href=\"https:\/\/asc.academicianstudies.com\/12\/12\/wp-content\/uploads\/2023\/10\/ASC-2022-OZETLER-E-KITAP.pdf\">ASC-2022\/FALL \u00d6zet Kitap\u00e7\u0131\u011f\u0131<\/a><a class=\"wp-block-file__button\" href=\"https:\/\/asc.academicianstudies.com\/12\/12\/wp-content\/uploads\/2023\/10\/ASC-2022-OZETLER-E-KITAP.pdf\" download=\"\">\u0130ndir<\/a><\/div>\n<p><\/p>\n<div class=\"wp-block-file\" style=\"text-align: left;\"><a href=\"https:\/\/asc.academicianstudies.com\/12\/12\/wp-content\/uploads\/2023\/10\/Poland.pdf\">ASC-2022\/FALL Tam Metin Kitap\u00e7\u0131\u011f\u0131<\/a><a class=\"wp-block-file__button\" href=\"https:\/\/asc.academicianstudies.com\/12\/12\/wp-content\/uploads\/2023\/10\/Poland.pdf\" download=\"\">\u0130ndir<\/a><\/div>\n<div>\n<div class=\"wp-block-file\">\u00a0<\/div>\n<p><\/p>\n<\/div>\n<p><\/p>\n<p><\/p>\t\t\t\t\t\t\t\t<\/div>\n\t\t\t\t<\/div>\n\t\t\t\t\t<\/div>\n\t\t<\/div>\n\t\t\t\t<div class=\"elementor-column elementor-col-33 elementor-top-column elementor-element elementor-element-65186d7\" data-id=\"65186d7\" data-element_type=\"column\">\n\t\t\t<div class=\"elementor-widget-wrap elementor-element-populated\">\n\t\t\t\t\t\t<div class=\"elementor-element elementor-element-423893d elementor-widget elementor-widget-heading\" data-id=\"423893d\" data-element_type=\"widget\" data-settings=\"{&quot;ekit_we_effect_on&quot;:&quot;none&quot;}\" data-widget_type=\"heading.default\">\n\t\t\t\t<div class=\"elementor-widget-container\">\n\t\t\t\t\t<h2 class=\"elementor-heading-title elementor-size-default\">Kongreden g\u00f6r\u00fcnt\u00fcler<\/h2>\t\t\t\t<\/div>\n\t\t\t\t<\/div>\n\t\t\t\t<div class=\"elementor-element elementor-element-c095aeb elementor-widget elementor-widget-image\" data-id=\"c095aeb\" data-element_type=\"widget\" data-settings=\"{&quot;ekit_we_effect_on&quot;:&quot;none&quot;}\" data-widget_type=\"image.default\">\n\t\t\t\t<div class=\"elementor-widget-container\">\n\t\t\t\t\t\t\t\t\t\t\t\t\t\t\t<img decoding=\"async\" width=\"800\" height=\"450\" src=\"https:\/\/asc.academicianstudies.com\/12\/wp-content\/uploads\/2024\/02\/2022fall1.png\" class=\"attachment-large size-large wp-image-14467\" alt=\"\" srcset=\"https:\/\/asc.academicianstudies.com\/12\/wp-content\/uploads\/2024\/02\/2022fall1.png 945w, https:\/\/asc.academicianstudies.com\/12\/wp-content\/uploads\/2024\/02\/2022fall1-300x169.png 300w, https:\/\/asc.academicianstudies.com\/12\/wp-content\/uploads\/2024\/02\/2022fall1-768x432.png 768w, https:\/\/asc.academicianstudies.com\/12\/wp-content\/uploads\/2024\/02\/2022fall1-18x10.png 18w\" sizes=\"(max-width: 800px) 100vw, 800px\" \/>\t\t\t\t\t\t\t\t\t\t\t\t\t\t\t<\/div>\n\t\t\t\t<\/div>\n\t\t\t\t<div class=\"elementor-element elementor-element-96efa37 elementor-widget elementor-widget-image\" data-id=\"96efa37\" data-element_type=\"widget\" data-settings=\"{&quot;ekit_we_effect_on&quot;:&quot;none&quot;}\" data-widget_type=\"image.default\">\n\t\t\t\t<div class=\"elementor-widget-container\">\n\t\t\t\t\t\t\t\t\t\t\t\t\t\t\t<img decoding=\"async\" width=\"800\" height=\"601\" src=\"https:\/\/asc.academicianstudies.com\/12\/wp-content\/uploads\/2024\/02\/2022fall3.png\" class=\"attachment-large size-large wp-image-14469\" alt=\"\" srcset=\"https:\/\/asc.academicianstudies.com\/12\/wp-content\/uploads\/2024\/02\/2022fall3.png 945w, https:\/\/asc.academicianstudies.com\/12\/wp-content\/uploads\/2024\/02\/2022fall3-300x225.png 300w, https:\/\/asc.academicianstudies.com\/12\/wp-content\/uploads\/2024\/02\/2022fall3-768x577.png 768w, https:\/\/asc.academicianstudies.com\/12\/wp-content\/uploads\/2024\/02\/2022fall3-16x12.png 16w\" sizes=\"(max-width: 800px) 100vw, 800px\" \/>\t\t\t\t\t\t\t\t\t\t\t\t\t\t\t<\/div>\n\t\t\t\t<\/div>\n\t\t\t\t<div class=\"elementor-element elementor-element-8646521 elementor-widget elementor-widget-image\" data-id=\"8646521\" data-element_type=\"widget\" data-settings=\"{&quot;ekit_we_effect_on&quot;:&quot;none&quot;}\" data-widget_type=\"image.default\">\n\t\t\t\t<div class=\"elementor-widget-container\">\n\t\t\t\t\t\t\t\t\t\t\t\t\t\t\t<img loading=\"lazy\" decoding=\"async\" width=\"800\" height=\"737\" src=\"https:\/\/asc.academicianstudies.com\/12\/wp-content\/uploads\/2024\/02\/2022fall4.png\" class=\"attachment-large size-large wp-image-14470\" alt=\"\" srcset=\"https:\/\/asc.academicianstudies.com\/12\/wp-content\/uploads\/2024\/02\/2022fall4.png 870w, https:\/\/asc.academicianstudies.com\/12\/wp-content\/uploads\/2024\/02\/2022fall4-300x277.png 300w, https:\/\/asc.academicianstudies.com\/12\/wp-content\/uploads\/2024\/02\/2022fall4-768x708.png 768w, https:\/\/asc.academicianstudies.com\/12\/wp-content\/uploads\/2024\/02\/2022fall4-13x12.png 13w\" sizes=\"(max-width: 800px) 100vw, 800px\" \/>\t\t\t\t\t\t\t\t\t\t\t\t\t\t\t<\/div>\n\t\t\t\t<\/div>\n\t\t\t\t<div class=\"elementor-element elementor-element-129b2d0 elementor-widget elementor-widget-image\" data-id=\"129b2d0\" data-element_type=\"widget\" data-settings=\"{&quot;ekit_we_effect_on&quot;:&quot;none&quot;}\" data-widget_type=\"image.default\">\n\t\t\t\t<div class=\"elementor-widget-container\">\n\t\t\t\t\t\t\t\t\t\t\t\t\t\t\t<img loading=\"lazy\" decoding=\"async\" width=\"800\" height=\"370\" src=\"https:\/\/asc.academicianstudies.com\/12\/wp-content\/uploads\/2024\/02\/2022fall5.png\" class=\"attachment-large size-large wp-image-14471\" alt=\"\" srcset=\"https:\/\/asc.academicianstudies.com\/12\/wp-content\/uploads\/2024\/02\/2022fall5.png 945w, https:\/\/asc.academicianstudies.com\/12\/wp-content\/uploads\/2024\/02\/2022fall5-300x139.png 300w, https:\/\/asc.academicianstudies.com\/12\/wp-content\/uploads\/2024\/02\/2022fall5-768x355.png 768w, https:\/\/asc.academicianstudies.com\/12\/wp-content\/uploads\/2024\/02\/2022fall5-18x8.png 18w\" sizes=\"(max-width: 800px) 100vw, 800px\" \/>\t\t\t\t\t\t\t\t\t\t\t\t\t\t\t<\/div>\n\t\t\t\t<\/div>\n\t\t\t\t\t<\/div>\n\t\t<\/div>\n\t\t\t\t\t<\/div>\n\t\t<\/section>\n\t\t\t\t<section class=\"elementor-section elementor-top-section elementor-element elementor-element-3636da7d elementor-section-boxed elementor-section-height-default elementor-section-height-default\" data-id=\"3636da7d\" data-element_type=\"section\">\n\t\t\t\t\t\t<div class=\"elementor-container elementor-column-gap-default\">\n\t\t\t\t\t<div class=\"elementor-column elementor-col-100 elementor-top-column elementor-element elementor-element-6a7df44a\" data-id=\"6a7df44a\" data-element_type=\"column\">\n\t\t\t<div class=\"elementor-widget-wrap\">\n\t\t\t\t\t\t\t<\/div>\n\t\t<\/div>\n\t\t\t\t\t<\/div>\n\t\t<\/section>\n\t\t\t\t<\/div>\n\t\t","protected":false},"excerpt":{"rendered":"<p>ASC-2022 \/ Sonbahar ASC-2022 \/ Sonbahar 4. kongremizde Polonya&#8217;da gelece\u011fi \u015fekillendirme konusunu ele ald\u0131k. Kongremize T\u00fcrkiye&#8217;den \u00e7ok say\u0131da de\u011ferli akademisyen ve i\u015f adam\u0131 y\u00fcz y\u00fcze kat\u0131l\u0131m g\u00f6stermi\u015ftir. Kongremize 181 bildiri ile ba\u015fvurulmu\u015f ve 107 bildiri kabul edilmi\u015ftir. Bildirilerin 24&#8217;\u00fc T\u00fcrk\u00e7e, 83&#8217;\u00fc \u0130ngilizce&#8217;dir. Kongremize 13 farkl\u0131 \u00fclkeden 221 yazar kat\u0131lm\u0131\u015ft\u0131r. Kat\u0131l\u0131mc\u0131lar\u0131n 46&#8217;s\u0131 T\u00fcrkiye&#8217;den 1&#8217;i Polonya&#8217;dan, 53&#8217;\u00fc [&hellip;]<\/p>\n","protected":false},"author":1,"featured_media":0,"parent":0,"menu_order":0,"comment_status":"closed","ping_status":"closed","template":"elementor_header_footer","meta":{"footnotes":""},"class_list":["post-13227","page","type-page","status-publish","hentry"],"_links":{"self":[{"href":"https:\/\/asc.academicianstudies.com\/12\/index.php?rest_route=\/wp\/v2\/pages\/13227","targetHints":{"allow":["GET"]}}],"collection":[{"href":"https:\/\/asc.academicianstudies.com\/12\/index.php?rest_route=\/wp\/v2\/pages"}],"about":[{"href":"https:\/\/asc.academicianstudies.com\/12\/index.php?rest_route=\/wp\/v2\/types\/page"}],"author":[{"embeddable":true,"href":"https:\/\/asc.academicianstudies.com\/12\/index.php?rest_route=\/wp\/v2\/users\/1"}],"replies":[{"embeddable":true,"href":"https:\/\/asc.academicianstudies.com\/12\/index.php?rest_route=%2Fwp%2Fv2%2Fcomments&post=13227"}],"version-history":[{"count":0,"href":"https:\/\/asc.academicianstudies.com\/12\/index.php?rest_route=\/wp\/v2\/pages\/13227\/revisions"}],"wp:attachment":[{"href":"https:\/\/asc.academicianstudies.com\/12\/index.php?rest_route=%2Fwp%2Fv2%2Fmedia&parent=13227"}],"curies":[{"name":"wp","href":"https:\/\/api.w.org\/{rel}","templated":true}]}}